{"id":15,"date":"2020-11-16T02:31:09","date_gmt":"2020-11-16T02:31:09","guid":{"rendered":"http:\/\/religionoflight.org\/ns\/cartas-del-reino\/?page_id=15"},"modified":"2020-11-16T21:32:20","modified_gmt":"2020-11-16T21:32:20","slug":"documentos","status":"publish","type":"page","link":"https:\/\/religionoflight.org\/ns\/cartas-del-reino\/documentos\/","title":{"rendered":"Documentos"},"content":{"rendered":"<ul>\n<li><span style=\"font-family: georgia, palatino, serif;font-size: 18pt\"><a href=\"http:\/\/religionoflight.org\/ns\/cartas-del-reino\/wp-content\/uploads\/sites\/20\/2020\/11\/Oracion-del-Senor-UPDATED-16th-November-2020-es-es.pdf\" target=\"_blank\" rel=\"noopener noreferrer\">La Oraci\u00f3n del Se\u00f1or del Arameo<\/a> (PDF)<\/span><\/li>\n<li><span style=\"font-family: georgia, palatino, serif;font-size: 18pt\"><a href=\"http:\/\/religionoflight.org\/ns\/cartas-del-reino\/wp-content\/uploads\/sites\/20\/2020\/11\/Credo-de-los-Apostoles-UPDATED-16th-November-2020-es-es.pdf\" target=\"_blank\" rel=\"noopener noreferrer\">Credo de los Ap\u00f3stoles<\/a> (PDF)<\/span><\/li>\n<li><span style=\"font-family: georgia, palatino, serif;font-size: 18pt\"><a href=\"http:\/\/religionoflight.org\/ns\/cartas-del-reino\/wp-content\/uploads\/sites\/20\/2020\/11\/Didache-es-es.pdf\" target=\"_blank\" rel=\"noopener noreferrer\">La Didach\u00e9<\/a>\u00a0 (PDF)<\/span><\/li>\n<li><span style=\"font-family: georgia, palatino, serif;font-size: 18pt\"><a href=\"http:\/\/religionoflight.org\/ns\/cartas-del-reino\/wp-content\/uploads\/sites\/20\/2020\/11\/Los-Diez-Mandamientos-Aclarados-por-Yeshua-el-Mesias-es-es.pdf\" target=\"_blank\" rel=\"noopener noreferrer\">Los Diez Mandamientos Aclarados por Yesh\u00faa el Mes\u00edas<\/a> (PDF)<\/span><\/li>\n<\/ul>\n","protected":false},"excerpt":{"rendered":"<p>La Oraci\u00f3n del Se\u00f1or del Arameo (PDF) Credo de los Ap\u00f3stoles (PDF) La Didach\u00e9\u00a0 (PDF) Los Diez Mandamientos Aclarados por Yesh\u00faa el Mes\u00edas (PDF)<\/p>\n","protected":false},"author":3,"featured_media":0,"parent":0,"menu_order":4,"comment_status":"closed","ping_status":"closed","template":"","meta":{"footnotes":""},"class_list":["post-15","page","type-page","status-publish","hentry"],"_links":{"self":[{"href":"https:\/\/religionoflight.org\/ns\/cartas-del-reino\/wp-json\/wp\/v2\/pages\/15","targetHints":{"allow":["GET"]}}],"collection":[{"href":"https:\/\/religionoflight.org\/ns\/cartas-del-reino\/wp-json\/wp\/v2\/pages"}],"about":[{"href":"https:\/\/religionoflight.org\/ns\/cartas-del-reino\/wp-json\/wp\/v2\/types\/page"}],"author":[{"embeddable":true,"href":"https:\/\/religionoflight.org\/ns\/cartas-del-reino\/wp-json\/wp\/v2\/users\/3"}],"replies":[{"embeddable":true,"href":"https:\/\/religionoflight.org\/ns\/cartas-del-reino\/wp-json\/wp\/v2\/comments?post=15"}],"version-history":[{"count":5,"href":"https:\/\/religionoflight.org\/ns\/cartas-del-reino\/wp-json\/wp\/v2\/pages\/15\/revisions"}],"predecessor-version":[{"id":103,"href":"https:\/\/religionoflight.org\/ns\/cartas-del-reino\/wp-json\/wp\/v2\/pages\/15\/revisions\/103"}],"wp:attachment":[{"href":"https:\/\/religionoflight.org\/ns\/cartas-del-reino\/wp-json\/wp\/v2\/media?parent=15"}],"curies":[{"name":"wp","href":"https:\/\/api.w.org\/{rel}","templated":true}]}}